{"id":203,"date":"2011-09-14T09:45:02","date_gmt":"2011-09-14T09:45:02","guid":{"rendered":"http:\/\/www.stconsulting.ba\/"},"modified":"2016-07-24T09:38:36","modified_gmt":"2016-07-24T09:38:36","slug":"home","status":"publish","type":"page","link":"https:\/\/www.stconsulting.ba\/","title":{"rendered":"Po\u010detna"},"content":{"rendered":"<div  class=\"mp-row-fluid motopress-row\">\n<div class=\"mp-span12 motopress-clmn\">\n<div class=\"row \"><div class=\"span3 \"><div class=\"service-box serv-1\"><div class=\"service-box_body\"><h2 class=\"title\">Profi<\/h2><h5 class=\"sub-title\">ra\u010dunovodstvo &amp; finansije<\/h5><div class=\"btn-align\"><a href=\"?page_id=7\" title=\"vi\u0161e\" class=\"btn btn-inverse btn-normal btn-primary \" target=\"_self\">vi\u0161e<\/a><\/div><\/div><\/div><!-- \/Service Box --><\/div><div class=\"span3 \"><div class=\"service-box serv-2\"><div class=\"service-box_body\"><h2 class=\"title\">Brzo<\/h2><h5 class=\"sub-title\">osnivanje dru\u0161tava<\/h5><div class=\"btn-align\"><a href=\"?page_id=7\" title=\"vi\u0161e\" class=\"btn btn-inverse btn-normal btn-primary \" target=\"_self\">vi\u0161e<\/a><\/div><\/div><\/div><!-- \/Service Box --><\/div><div class=\"span3 \"><div class=\"service-box serv-3\"><div class=\"service-box_body\"><h2 class=\"title\">Efikasno<\/h2><h5 class=\"sub-title\">savjetovanje<\/h5><div class=\"btn-align\"><a href=\"?page_id=7\" title=\"vi\u0161e\" class=\"btn btn-inverse btn-normal btn-primary \" target=\"_self\">vi\u0161e<\/a><\/div><\/div><\/div><!-- \/Service Box --><\/div><div class=\"span3 \"><div class=\"service-box serv-4\"><div class=\"service-box_body\"><h2 class=\"title\">Brza<\/h2><h5 class=\"sub-title\">podr\u0161ka<\/h5><div class=\"btn-align\"><a href=\"?page_id=7\" title=\"vi\u0161e\" class=\"btn btn-inverse btn-normal btn-primary \" target=\"_self\">vi\u0161e<\/a><\/div><\/div><\/div><!-- \/Service Box --><\/div><\/div><!-- .row (end) --><div class=\"content_box box-1 \"><div class=\"row \"><div class=\"span4 \"><h1><span style=\"color: #ffffff;\">ZA\u0160TO ODABRATI \u00a0 NAS !<\/span><\/h1>\n<h6><a href=\"#\">Zato \u0161to smo doma\u0107a kompanija, sa stru\u010dnim i edukativnim kadrovima i kojima ste uvijek VI,<\/a><a href=\"#\">na\u0161i klijenti na prvom mjestu<\/a><\/h6><\/div><div class=\"span4 odlike-kompanije\"><h6>Odlike na\u0161e kompanije su:<\/h6>\n<div class=\"list styled circle-list\">\n<ul>\n<li><a href=\"#\">Stru\u010dnost<\/a><\/li>\n<li><a href=\"#\">Timski rad<\/a><\/li>\n<li><a href=\"#\">Profesionalnost<\/a><\/li>\n<li><a href=\"#\">Efikasnost<\/a><\/li>\n<li><a href=\"#\">A\u017eurnost<\/a><\/li>\n<li><a href=\"#\">Dostupnost<\/a><\/li>\n<\/ul>\n<\/div><a href=\"http:\/\/www.stconsulting.ba\/?page_id=1797\" title=\"O nama\" class=\"btn btn-default btn-normal btn-inline \" target=\"_self\">O nama<\/a><!-- .btn --><\/div><div class=\"span4 mozemo-pomoci\"><h6>Vama mo\u017eemo pomo\u0107i:<\/h6>\n<div class=\"list styled circle-list\">\n<ul>\n<li><a href=\"#\">Prilikom osnivanja firme<\/a><\/li>\n<li><a href=\"#\">U vo\u0111enju finansijskog i robno-materijalnog ra\u010dunovodstva<\/a><\/li>\n<li><a href=\"#\">U edukaciji va\u0161ih zaposlenika\u00a0<\/a><\/li>\n<li><a href=\"#\">U kontinuiranom pra\u010denju i izvje\u0161tavanju va\u0161eg poslovanja<\/a><\/li>\n<li><a href=\"#\">U poreskom, zakonodavnom i poslovnom savjetovanju<\/a><\/li>\n<li><a href=\"#\">U kontroli i izradi zavr\u0161nih finansijskih izvje\u0161taja<\/a><\/li>\n<\/ul>\n<\/div><a href=\"http:\/\/www.stconsulting.ba\/?page_id=1797\" title=\"O nama\" class=\"btn btn-default btn-normal btn-inline \" target=\"_self\">O nama<\/a><!-- .btn --><\/div><\/div><!-- .row (end) --><div class=\"clear\"><\/div><\/div><!-- .content_box (end) --><div class=\"content_box box-2 \"><div class=\"carousel-wrap owl-1\"><h2>Novosti<\/h2><div id=\"owl-carousel-69e88712c0960\" class=\"owl-carousel-post owl-carousel\" data-items=\"3\" data-auto-play=\"0\" data-nav=\"true\" data-pagination=\"false\"><div class=\"item format-standart item-list-0\"><div class=\"desc\"><time datetime=\"2016-03-28T06:31:56\">28\/ <span>03<\/span><\/time><p class=\"excerpt\"><a href=\"https:\/\/www.stconsulting.ba\/?p=1910\">Rok za podno\u0161enje godi\u0161nje prijave poreza na dohodak 31.3.2016. \u00a0Zadnji dan za predaju obrazaca GPD 1051 lokalnoj poreznoj upravi je 31.3.2016. godine. Obveznici predaje obrazaca&hellip;<\/a><\/p><\/div><\/div><div class=\"item format-standart item-list-1\"><div class=\"desc\"><time datetime=\"2016-03-16T20:28:57\">16\/ <span>03<\/span><\/time><p class=\"excerpt\"><a href=\"https:\/\/www.stconsulting.ba\/?p=71\">Objavljena odluka Ustavnog Suda o neustavnosti Zakona o radu FBiH \u00a0Objavljivanjem odluke Ustavnog Suda, a koja je donesena jo\u0161 u februaru 2016 godine, van snage&hellip;<\/a><\/p><\/div><\/div><div class=\"item format-standart item-list-2\"><div class=\"desc\"><time datetime=\"2016-02-11T20:26:08\">11\/ <span>02<\/span><\/time><p class=\"excerpt\"><a href=\"https:\/\/www.stconsulting.ba\/?p=65\">Usvojen novi Zakon o porezu na dobit u FBiH Na sjednici Doma Parlamenta Federacije BiH, danas je usvojen novi Zakon o porezu na dobit, i&hellip;<\/a><\/p><\/div><\/div><div class=\"item format-standart item-list-3\"><div class=\"desc\"><time datetime=\"2013-01-14T20:25:47\">14\/ <span>01<\/span><\/time><p class=\"excerpt\"><a href=\"https:\/\/www.stconsulting.ba\/?p=63\">Aliquam dapibus tincidunt metus. Praesent justo dolor, lobortis quis, lobortis dignissim, pulvinar ac, lorem. Lorem ipsum dolor sit amet, consectetuer adipiscing elit. Praesent vestibulum molestie&hellip;<\/a><\/p><\/div><\/div><div class=\"item format-video item-list-4\"><div class=\"desc\"><time datetime=\"2012-12-13T09:24:00\">13\/ <span>12<\/span><\/time><\/div><\/div><div class=\"item format-video item-list-5\"><div class=\"desc\"><time datetime=\"2012-12-13T08:54:11\">13\/ <span>12<\/span><\/time><\/div><\/div><div class=\"item format-video item-list-6\"><div class=\"desc\"><time datetime=\"2012-12-12T09:01:49\">12\/ <span>12<\/span><\/time><\/div><\/div><\/div><\/div><div class=\"clear\"><\/div><\/div><!-- .content_box (end) --><section class=\"parallax-box image-parallax-box style-1\" ><div class=\"parallax-content\"><div class=\"row \"><div class=\"span4 \"><h5><span style=\"color: #ffffff;\">NA\u0160 FOKUS NA DJELATNOSTIMA<\/span><\/h5>\n<p><a href=\"#\">Konstatno unapre\u0111ujemo i pro\u0161irujemo obim na\u0161eg djelovanja na razli\u010dite vidove poslovne aktivnosti. Na\u0161 fokus u ra\u010dunovodstvenim uslugama, odnosi se na:<\/a><\/p><\/div><div class=\"span4 \"><div class=\"list styled circle-list\">\n<ul>\n<li><a href=\"#\">Proizvodnju<\/a><\/li>\n<li><a href=\"#\">Usluge\u00a0<\/a><\/li>\n<li><a href=\"#\">Startupi<\/a><\/li>\n<li><a href=\"#\">Trgovinu<\/a><\/li>\n<\/ul>\n<\/div><\/div><div class=\"span4 \"><div class=\"list styled circle-list\">\n<ul>\n<li><a href=\"#\">Udruge\/NGO<\/a><\/li>\n<li><a href=\"#\">Fondacije<\/a><\/li>\n<li><a href=\"#\">Samostalne djelatnosti<\/a><\/li>\n<li><a href=\"#\">Obrti<\/a><\/li>\n<\/ul>\n<\/div><\/div><\/div><!-- .row (end) --><div class=\"clear\"><\/div><\/div><div class=\"parallax-bg\" data-parallax-type=\"image\" data-img-url=\"http:\/\/www.stconsulting.ba\/wp-content\/uploads\/2015\/07\/parallax-1.jpg\" data-speed=\"normal\" data-invert=\"false\" ><\/div><\/section><div class=\"content_box box-3 \">\n<h4>Imate pitanje?\u00a0<span style=\"color: #ffffff;\">Pozovite nas<\/span><\/h4>\n<address>7 dana u sedmici <span style=\"color: #ffffff;\"> od <strong>8:00<\/strong> do <strong>16:00<\/strong><\/span><\/address><!-- address (end) --><div class=\"extra-wrap \">+387 61 233 719<\/div><div class=\"clear\"><\/div><\/div><!-- .content_box (end) -->\n<\/div>\n<\/div>\n","protected":false},"excerpt":{"rendered":"","protected":false},"author":1,"featured_media":0,"parent":0,"menu_order":0,"comment_status":"open","ping_status":"closed","template":"page-home.php","meta":[],"_links":{"self":[{"href":"https:\/\/www.stconsulting.ba\/index.php?rest_route=\/wp\/v2\/pages\/203"}],"collection":[{"href":"https:\/\/www.stconsulting.ba\/index.php?rest_route=\/wp\/v2\/pages"}],"about":[{"href":"https:\/\/www.stconsulting.ba\/index.php?rest_route=\/wp\/v2\/types\/page"}],"author":[{"embeddable":true,"href":"https:\/\/www.stconsulting.ba\/index.php?rest_route=\/wp\/v2\/users\/1"}],"replies":[{"embeddable":true,"href":"https:\/\/www.stconsulting.ba\/index.php?rest_route=%2Fwp%2Fv2%2Fcomments&post=203"}],"version-history":[{"count":26,"href":"https:\/\/www.stconsulting.ba\/index.php?rest_route=\/wp\/v2\/pages\/203\/revisions"}],"predecessor-version":[{"id":2179,"href":"https:\/\/www.stconsulting.ba\/index.php?rest_route=\/wp\/v2\/pages\/203\/revisions\/2179"}],"wp:attachment":[{"href":"https:\/\/www.stconsulting.ba\/index.php?rest_route=%2Fwp%2Fv2%2Fmedia&parent=203"}],"curies":[{"name":"wp","href":"https:\/\/api.w.org\/{rel}","templated":true}]}}