{"id":1797,"date":"2011-07-14T19:45:29","date_gmt":"2011-07-14T19:45:29","guid":{"rendered":"http:\/\/www.stconsulting.ba\/about\/"},"modified":"2016-03-28T14:38:06","modified_gmt":"2016-03-28T14:38:06","slug":"about","status":"publish","type":"page","link":"https:\/\/www.stconsulting.ba\/?page_id=1797","title":{"rendered":"O nama"},"content":{"rendered":"<div  class=\"mp-row-fluid motopress-row\">\n<div class=\"mp-span12 motopress-clmn\">\n<h2>Ko smo i \u0161ta radimo<\/h2>\n<p><img loading=\"lazy\" class=\"alignleft size-full wp-image-1982\" src=\"http:\/\/www.stconsulting.ba\/wp-content\/uploads\/2015\/07\/page2_img1.jpg\" alt=\"page2_img1\" width=\"370\" height=\"279\" srcset=\"https:\/\/www.stconsulting.ba\/wp-content\/uploads\/2015\/07\/page2_img1.jpg 370w, https:\/\/www.stconsulting.ba\/wp-content\/uploads\/2015\/07\/page2_img1-300x226.jpg 300w, https:\/\/www.stconsulting.ba\/wp-content\/uploads\/2015\/07\/page2_img1-200x150.jpg 200w\" sizes=\"(max-width: 370px) 100vw, 370px\" \/><\/p>\n<div class=\"extra-wrap \"><\/div>\n<p class=\"p1\"><span class=\"s1\">ST Consulting je dio dru\u0161tva ST-Sarajevo times, prvog bosansko-hercegova\u010dkog portala koji objavljuje doma\u0107e vijesti na engleskom jeziku, profiliranom prije svega za ino i lokalne potencijalne investitore. Ideja o \u0161irenju prvobitne djelatnosti na ra\u010dunovodstvo i konsalting javila se kao odgovor na veoma slo\u017eenu zakonodavnu i ra\u010dunovodstvenu praksu u Bosni i Hercegovini, koja se ogleda u velikom broju zakonskih i podzakonskih akata na razli\u010ditim nivoima vlasti, koji \u010desto nisu me\u0111usobno usagla\u0161eni i nejasno su definirani.\u00a0 Vjerovanjem da na\u0161im mladim i stru\u010dnim timom mo\u017eemo pomo\u0107i doma\u0107im kompanijama u prevladavanju ovih pote\u0161ko\u0107a, nastao je ST Consulting.<\/span><\/p>\n<p><span class=\"s1\">Osnovna djelatnost ST Consulting-a jeste pru\u017eanje ra\u010dunovodstveno-finansijskih usluga za doma\u0107a i ino pravna i fizi\u010dka lica, kao i savjetodavni servis za na\u0161e klijente kojim poma\u017eemo da ostvaruju bolje poslovne rezultate, a koji se ogledaju u ve\u0107oj tro\u0161kovnoj efikasnosti, ve\u0107im poslovnim prihodima, poslovnoj reorganizaciji. U sklopu na\u0161eg djelovanja, bavimo se i drugim popratnim aktivnostima a vezanim za poslovanje dru\u0161tva od osnivanja, preregistracije, zatvaranja dru\u0161tava, pribavljanja radnih dozvola kao i sve druge dokumentacije koja je potrebna za legalno poslovanje u Bosni i Hercegovini.<\/span><\/p>\n<p class=\"p1\"><span class=\"s1\">Na\u0161 mladi, ali ujedno i iskusni tim, navedne usluge obavlja u skladu sa me\u0111unarodnim normama i praksama, te svoje znanje kontinuirano unaprije\u0111uje sa ciljem pru\u017eanja najbolje usluge.<\/span><span style=\"color: #ffffff;\">o<\/span><\/p>\n<h2>\u00a0<div class=\"row \"><div class=\"span4 \"><\/h2>\n<h2>Na\u0161e vrijednosti i ciljevi<\/h2>\n<div class=\"row \"><\/div><!-- .row (end) --><div class=\"span4 \"><\/div>\n<p><img loading=\"lazy\" class=\"alignnone size-full wp-image-1993\" src=\"http:\/\/www.stconsulting.ba\/wp-content\/uploads\/2015\/07\/page2_img2.jpg\" alt=\"page2_img2\" width=\"370\" height=\"270\" srcset=\"https:\/\/www.stconsulting.ba\/wp-content\/uploads\/2015\/07\/page2_img2.jpg 370w, https:\/\/www.stconsulting.ba\/wp-content\/uploads\/2015\/07\/page2_img2-300x219.jpg 300w\" sizes=\"(max-width: 370px) 100vw, 370px\" \/><\/p>\n<h6><span style=\"color: #64a0bc;\">Misija<\/span><\/h6>\n<small><span class=\"s1\">Pru\u017eiti izvrsnost usluge savjetovanja i ra\u010dunovodstva na\u0161im klijentima kako bi im omogu\u0107ili jednostavnije i efikasnije poslovanje.<\/span><\/small><\/div><div class=\"span4 \"><p><img loading=\"lazy\" class=\"alignnone size-full wp-image-1994\" src=\"http:\/\/www.stconsulting.ba\/wp-content\/uploads\/2015\/07\/page2_img3.jpg\" alt=\"page2_img3\" width=\"370\" height=\"270\" srcset=\"https:\/\/www.stconsulting.ba\/wp-content\/uploads\/2015\/07\/page2_img3.jpg 370w, https:\/\/www.stconsulting.ba\/wp-content\/uploads\/2015\/07\/page2_img3-300x219.jpg 300w\" sizes=\"(max-width: 370px) 100vw, 370px\" \/><\/p>\n<h6><span style=\"color: #64a0bc;\">Vizija<\/span><\/h6>\n<small><span class=\"s1\">Na\u0161a vizija je da postanemo vode\u0107a doma\u0107a kompanija u oblasti ra\u010dunovodstva i savjetovanja, uz uvo\u0111enje novih trendova i gra\u0111enja ddugoro\u010dnih partnerskih odnosa sa na\u0161im klijentima.<\/span><\/small><\/div><div class=\"span4 \"><p><img loading=\"lazy\" class=\"alignnone size-full wp-image-1995\" src=\"http:\/\/www.stconsulting.ba\/wp-content\/uploads\/2015\/07\/page2_img4.jpg\" alt=\"page2_img4\" width=\"370\" height=\"270\" srcset=\"https:\/\/www.stconsulting.ba\/wp-content\/uploads\/2015\/07\/page2_img4.jpg 370w, https:\/\/www.stconsulting.ba\/wp-content\/uploads\/2015\/07\/page2_img4-300x219.jpg 300w\" sizes=\"(max-width: 370px) 100vw, 370px\" \/><\/p>\n<h6><span style=\"color: #64a0bc;\">Ciljevi<\/span><\/h6>\n<small><span class=\"s1\">Usavr\u0161avanje i zapo\u0161ljavanje mladih, ambicioznih i obrazovnih kadrova, a kako bi na\u0161u izvrsnost u uslugama mogli ponuditi ve\u0107em broju klijenata. Cilj je do 2020 godine, pro\u0161iriti na\u0161e usluge i na oblast revizije privrednih dru\u0161tava, i uve\u0107ati broj klijenata i kadrova za 300%.<\/span><\/small><\/div><\/div><!-- .row (end) --><section class=\"parallax-box image-parallax-box style-1 offset__1\" ><div class=\"parallax-content\"><div class=\"row \"><div class=\"span4 \"><span style=\"color: #ffffff;\">\u00a0\u0160ta drugi misle o nama\u00a0<\/span><\/div><div class=\"span8 \"><div class=\"testimonials \"><div class=\"testi-item list-item-0\"><blockquote class=\"testi-item_blockquote\"><a href=\"https:\/\/www.stconsulting.ba\/?testi=testimonial-2\">\u201eStru\u010dnost i efikasnost u radu sa kompanijom ST Consulting, najva\u017enije su karakteristike koje cijenimo kod na\u0161eg partnera. I pored drugih brojnih klijenata, nikada nismo osjetili manjak<\/a><div class=\"clear\"><\/div><\/blockquote><small class=\"testi-meta\"><\/small><\/div><div class=\"testi-item list-item-1\"><blockquote class=\"testi-item_blockquote\"><a href=\"https:\/\/www.stconsulting.ba\/?testi=testimonial-1\">\u201eNa\u0161a saradnja sa firmom ST Consulting rezultirala je boljim pra\u0107em poslovanja na\u0161e kompanije, te optimiziranjem i realokacijom na\u0161ih resursa po pojedinim poslovnicama. Sve to doprinijelo je<\/a><div class=\"clear\"><\/div><\/blockquote><small class=\"testi-meta\"><\/small><\/div><\/div><\/div><\/div><!-- .row (end) --><div class=\"clear\"><\/div><\/div><div class=\"parallax-bg\" data-parallax-type=\"image\" data-img-url=\"http:\/\/www.stconsulting.ba\/wp-content\/uploads\/2015\/07\/parallax-1.jpg\" data-speed=\"normal\" data-invert=\"false\" ><\/div><\/section>[\/content_box]\n<\/div>\n<\/div>\n","protected":false},"excerpt":{"rendered":"","protected":false},"author":1,"featured_media":0,"parent":0,"menu_order":1,"comment_status":"open","ping_status":"open","template":"page-fullwidth.php","meta":[],"_links":{"self":[{"href":"https:\/\/www.stconsulting.ba\/index.php?rest_route=\/wp\/v2\/pages\/1797"}],"collection":[{"href":"https:\/\/www.stconsulting.ba\/index.php?rest_route=\/wp\/v2\/pages"}],"about":[{"href":"https:\/\/www.stconsulting.ba\/index.php?rest_route=\/wp\/v2\/types\/page"}],"author":[{"embeddable":true,"href":"https:\/\/www.stconsulting.ba\/index.php?rest_route=\/wp\/v2\/users\/1"}],"replies":[{"embeddable":true,"href":"https:\/\/www.stconsulting.ba\/index.php?rest_route=%2Fwp%2Fv2%2Fcomments&post=1797"}],"version-history":[{"count":13,"href":"https:\/\/www.stconsulting.ba\/index.php?rest_route=\/wp\/v2\/pages\/1797\/revisions"}],"predecessor-version":[{"id":2132,"href":"https:\/\/www.stconsulting.ba\/index.php?rest_route=\/wp\/v2\/pages\/1797\/revisions\/2132"}],"wp:attachment":[{"href":"https:\/\/www.stconsulting.ba\/index.php?rest_route=%2Fwp%2Fv2%2Fmedia&parent=1797"}],"curies":[{"name":"wp","href":"https:\/\/api.w.org\/{rel}","templated":true}]}}